ivided by c?
37
Suppose -3*h - 45 = -4*a - 13, 0 = -a - 2*h - 3. Suppose a*o - 2*o - 102 = 0. What is the remainder when o is divided by 12?
10
Calculate the remainder when 241 is divided by ((-1116)/1302)/(3/(-161)).
11
Let k(r) = 3*r + 15. Let q be k(-4). Let i = -10 - -22. Calculate the remainder when (-4)/24*q*-92 is divided by i.
10
Suppose 96*n = -5*r + 97*n + 180, 0 = 2*r + 2*n - 72. Let h(w) = -w**2 - 9*w + 5. Let g be 4/6 + 52/(-6). Calculate the remainder when r is divided by h(g).
10
Let m = -1462 - -1494. What is the remainder when m is divided by 174/10 - (-4)/(-10)?
15
Suppose -76 = -5*w - 6. Suppose 1 = -4*z + 109. What is the remainder when z is divided by w?
13
Suppose 0 = 8*w + 753 - 1993. What is the remainder when w is divided by 20?
15
Suppose 0 = 4*l - 10 + 2. Suppose -10 = -4*a + l*a. Calculate the remainder when 22/((-15)/(-3) - 3) is divided by a.
1
Suppose 0 = 3*c - 3*k + 1 - 13, -2 = 2*c + 3*k. What is the remainder when 43 is divided by (3 - -12) + 0/c?
13
Suppose 3*x = -x + 96. Suppose 8*b - x = 9*b. Let y = b + 51. Calculate the remainder when y is divided by 15.
12
Suppose -3*c + 25 = 2*v, 0 = 19*v - 14*v + 5*c - 50. What is the remainder when 41 is divided by v?
1
Suppose -25*m - 48 = -29*m. Suppose 0 = 2*v + v - 69. Calculate the remainder when v is divided by m.
11
Suppose 0 = -3*g + b + 232, -5*g - 5*b + 261 + 119 = 0. Calculate the remainder when g is divided by (-5759)/(-886)*1/((-2)/(-8)).
25
Let c(a) = -a + 17. Let z be (0 + 0)/(12/12). Suppose z*u = -u + 14. What is the remainder when c(-7) is divided by u?
10
Suppose -4*k + 5*y = 12, -y + 26 = 3*k + 4*y. Let v = k - -31. Suppose -2*m = -56 - 138. Calculate the remainder when m is divided by v.
31
Let p(v) = 2*v + 10. Let g be p(-5). Suppose -3*r - 5*h + 171 = r, g = 4*r + h - 175. Calculate the remainder when r is divided by 23.
21
What is the remainder when 90 is divided by 94/3 + (-7)/21?
28
Let m(y) = -y**2 - 14*y + 2. Suppose 3 = -c - 3*i, 2*i - 7*i - 33 = 4*c. What is the remainder when m(c) is divided by 240/25 - (-3)/(-5)?
8
Let a = -567 + 599. What is the remainder when 158 is divided by a?
30
Let q be (-4)/(-6) - 40/15. Calculate the remainder when 2 + (q - (-53)/1) is divided by 11.
9
Let j(g) = -4*g + 15. Let y be j(4). Let b = 23 + y. What is the remainder when 65 is divided by b?
21
Let a = 35 - 26. What is the remainder when 12 is divided by (-1170)/(-162) + (-2)/a?
5
Suppose 5*z = -4*o + 44, -2*z + 6*z - 4*o - 28 = 0. Let h = -95 + 53. Let r = h - -73. Calculate the remainder when r is divided by z.
7
Let m = -1961 + 2343. What is the remainder when m is divided by 35?
32
Let b be -2 + (-3 - (2 - 589)). Suppose 0*d = -6*d + b. Let c(k) = 3*k**2 + 2*k. Calculate the remainder when d is divided by c(3).
31
Let o(v) = v**2 + 3*v. Let n be o(-3). Suppose n*y + 5 = y. Suppose y*c - 48 = 2*c. Calculate the remainder when 60 is divided by c.
12
Let s be ((-4)/1 - -11)*1. Suppose 6*z = s*z - 17. Calculate the remainder when 31 is divided by z.
14
Let i be 1/(1/3) + -1. Suppose -i*h + 3 = -h, -3*h = 5*p - 504. Suppose n - 114 = -n - 2*l, -5*l + p = 2*n. Calculate the remainder when n is divided by 13.
10
Let x be (8*(0 - 1))/(-2). Suppose 4*v + 16 = 0, x*t + 4 = 2*t - 5*v. Calculate the remainder when t is divided by 1 + (4 + -1 - 1).
2
Let o(i) = i**2 - i + 10. Let v(w) = w**3 + 9*w**2 + 11*w + 24. Let s be v(-8). Calculate the remainder when 69 is divided by o(s).
9
Suppose -6*k + 21 = -63. What is the remainder when 84 is divided by ((-32)/k - -4)*(-21)/(-2)?
12
Suppose -21*q = -19*q - 208. Calculate the remainder when q is divided by 10.
4
Let n(h) = -h**3 + 5*h**2 + 6*h - 6. Let l be 1/((-1)/(1 + -6)). Calculate the remainder when 47 is divided by n(l).
23
Suppose 3*p + y = 11 + 14, -5*y = -2*p + 11. Suppose -2*k + 28 = r, 3*k - 43 = 3*r - 10. Let i = 44 - k. What is the remainder when i is divided by p?
7
Let h be -1*(3 + -3)/4. Suppose 5*g - 2*k - 345 = h, -2*g + k + 154 = -3*k. Calculate the remainder when g is divided by 17.
16
Suppose h + 79 = 2*w, 6 - 41 = -w - 4*h. Calculate the remainder when w - (10 + -6)*(-1)/2 is divided by 2/(((-8)/(-22))/2).
8
Let g(h) = h**3 + h**2. Let o(k) = -5*k**3 - 10*k**2 - 3*k - 8. Let v(z) = 6*g(z) + o(z). Calculate the remainder when v(6) is divided by (80/48)/((-10)/(-96)).
14
Let o = -5 - -9. Calculate the remainder when (3 + 3 + -7)*(-2 + -5) is divided by o.
3
Let n = -45 + 43. Suppose 0 = -4*x + 38 + 2. What is the remainder when ((n - -6) + -1)/((-39)/(-494)) is divided by x?
8
Let l be (-1 - 33) + (-1)/(-1). Let c = l - -35. Suppose -c = 2*f - 5*f + j, -5*f + 5*j = 0. What is the remainder when f is divided by 1?
0
Let y = 819 - 596. Calculate the remainder when y is divided by 60.
43
Suppose -927 + 185 = -7*g. What is the remainder when g is divided by 22?
18
Let c = 606 + 97. Suppose 3*p + 3*f = -1047, -2*p - f - c = 2*f. Calculate the remainder when 43 is divided by (-2)/(-3) - p/24.
13
Suppose 0 = -4*j + 5*v + 141, -3*j - 88*v = -83*v - 62. Suppose -27 = t - 4*t. What is the remainder when j is divided by t?
2
Let x = -4631 - -4658. What is the remainder when x is divided by (-14)/(-3)*3/2?
6
Suppose 0 = -5*r - 17*l + 12*l + 95, 4*l - 16 = -r. Calculate the remainder when (3 + -2)/((-1)/(-78)) is divided by r.
18
Suppose 0*w + 30*w - 1800 = 0. What is the remainder when 358 is divided by w?
58
Let f = 95 - 38. Suppose 0*v + 5*v - 75 = 0. Calculate the remainder when f is divided by v.
12
What is the remainder when 205*(-24)/18*(-6)/20 is divided by 12?
10
Calculate the remainder when 155 is divided by 10/6*(15 + (-3)/1).
15
Suppose 9*c - 4*c + o - 122 = 0, 0 = -2*o - 6. Let v(w) = -w**2 - w + 5. Let d be v(0). Suppose -45 = -d*z - 0. Calculate the remainder when c is divided by z.
7
Let o(h) = -5*h**2 + 1. Let i be o(-1). Suppose 3 = -s, r - 21 - 1 = -s. What is the remainder when r is divided by (-58)/(-4) - (-2)/i?
11
Suppose x = -5, -3*x + 8*x = -2*d + 141. Calculate the remainder when 3568 is divided by d.
82
Suppose 8*y - 10*y = 6. Let c be y/(-15) + 3298/10. Suppose -3*o = 5*p - 0*p - 320, 5*o = -5*p + c. Calculate the remainder when p is divided by 16.
13
Let t = 428 + -424. What is the remainder when -2*(-69)/(-6)*-1 is divided by t?
3
Suppose 2*u - 3*p = 22, 8 = 3*u - 5*p - 24. Suppose -d + 120 = d. What is the remainder when d is divided by u?
4
Let t = 26 - 56. Let h = -33 - t. Calculate the remainder when (h/(-3))/(2/56) is divided by 8.
4
Let w(z) = z**3 - z**3 - 4*z + 7 + 0 - z**3. Calculate the remainder when w(-4) is divided by 13.
9
Suppose 2*g = -4*r + g + 386, -10 = 5*g. Calculate the remainder when (r - -1)/(-1 - -2) is divided by 20.
18
Suppose -3*n + 0*n = -6. Calculate the remainder when 22 + 0 + 48 + -47 + -6 is divided by n.
1
Suppose 13*i - 3*a = 14*i - 68, 204 = 3*i + 4*a. Suppose -2*y + 5*l = -8, -3*y - 5*l - 50 = -8*y. What is the remainder when i is divided by y?
12
Let y(h) = -h**3 - h**2 - 6*h + 1. Suppose 132 + 39 - 76 = 5*p. What is the remainder when y(-5) is divided by p?
17
Let u(q) = -q**3 - 3*q**2 + 6*q + 7. Let o(n) = 2*n**2 - n - 8. Let b be o(-2). Let x(p) = p**3 + p**2 + 3. What is the remainder when u(-5) is divided by x(b)?
12
Suppose -8*z + 1089 = 1009. Suppose 16 = n - 2*x, 4*n = -5*x + 2 + 127. What is the remainder when n is divided by z?
6
Let m(s) = s**3 - 12*s**2 + 10*s + 15. Let j = -11 - -21. Suppose 0 = -4*b + 2*x + 28, -5*b + j*b + 2*x = 26. What is the remainder when b is divided by m(11)?
2
Let k(w) = 3*w**2 + 4*w. Let s be k(-5). Let z(n) = -9*n + 4. Let p be z(4). Let f = p + s. Calculate the remainder when 43 is divided by f.
20
Suppose 2*a + 100 = 22*a. Calculate the remainder when 77 is divided by a.
2
Let g = 9 - 4. Let p = 4 - g. What is the remainder when 5 is divided by (p - (-2)/4)*-6?
2
Let r = 562 + -512. Suppose 2*o - o = 17. What is the remainder when r is divided by o?
16
Let p(a) = -a**3 + a**2 + a - 4. Let y be p(2). Let o(w) = w + 16. Calculate the remainder when o(-10) is divided by ((-32)/(-12) - 3)*y.
0
Suppose -q + 3*p = -14, -87 + 31 = -2*q - p. Let z = q - 47. Calculate the remainder when (-116)/(-3) - (-14)/z is divided by 14.
10
Let d = 3 - 0. Let x be (d/18)/(2/12). Suppose y - x = -0*y. Calculate the re